 What are the prime factors of b?
2, 7
Let a = 3 + 19. Suppose -2*l - a = -2. Let k = l - -16. What are the prime factors of k?
2, 3
List the prime factors of (-11)/(3 + 185/(-60)).
2, 3, 11
Let z be 1/((-1)/2*-1). Suppose 4*m - 35 = -3*t + 2*t, z*m - 3*t = 35. List the prime factors of m.
2, 5
Suppose 3*h - w - 4 = -2*w, 4*w + 32 = 4*h. Suppose 3*l = 3 + 21. Suppose y + l = h*y. List the prime factors of y.
2
Let y(l) = l**2 + 5*l - 9. What are the prime factors of y(7)?
3, 5
Let x(u) = -3 - 6 - 13*u + 0*u**2 - u**2. List the prime factors of x(-11).
13
Suppose d + 0*n = n - 10, 5*d + 56 = 3*n. Let y = 84 - 58. Let a = y + d. What are the prime factors of a?
13
What are the prime factors of 356/2*(-4)/(-8)?
89
Let a = 564 - 215. List the prime factors of a.
349
Suppose -3*v + 11 - 5 = 0. Suppose -145 + 19 = -4*j + v*z, 2*j - 60 = -2*z. What are the prime factors of j?
31
Let k = 5 - 5. Suppose -4*f + 0 + 16 = k. List the prime factors of f.
2
Suppose 4*y - 80 - 132 = 0. Let l = y + -28. What are the prime factors of l?
5
Suppose -m = -b - 106, -m - 3*b + 138 = 32. List the prime factors of m.
2, 53
Suppose 0 = 2*d + 3*o + 3, 0*o + 2*o = -3*d + 3. Suppose 7*t - d*t = 28. Suppose 2 = 3*v - t. What are the prime factors of v?
3
Let g = 2 + 2. Let f = -8 - -10. Suppose -8 = -f*r - g. What are the prime factors of r?
2
Let q = -186 + 344. List the prime factors of q.
2, 79
Let n = -89 - -195. Let f = -67 + n. List the prime factors of f.
3, 13
Suppose z - 4*z = -165. What are the prime factors of (-2)/(-11) - (-1145)/z?
3, 7
Let i(z) = 3 + 2*z**2 - 9*z - 6 + 6. What are the prime factors of i(6)?
3, 7
Let c(o) be the second derivative of o**5/20 + 3*o**4/4 + 11*o**3/6 + 4*o**2 - 4*o. List the prime factors of c(-7).
29
Suppose -h + 5*l = 2*l - 128, 0 = l - 3. List the prime factors of h.
137
Suppose -70 = -3*t + t. What are the prime factors of t?
5, 7
Let f = -499 - -739. Suppose -h - 4*h = -f. List the prime factors of (2 - h/15)*-10.
2, 3
Suppose -2*n = 8, -2*n = -4*x + 2*n + 88. Let v = -2 + x. List the prime factors of v.
2
List the prime factors of (14 - 2) + (-5 - -10).
17
Let p(f) = -f**2 - 11*f + 5. List the prime factors of p(-7).
3, 11
Suppose 4*g - 6*g = 2*y - 62, 4*g = 5*y + 124. List the prime factors of g.
31
Suppose v = 4 + 20. Suppose g + 7 = -u, 0 = -3*g - 2*u + 5 - v. Let c = g + 10. List the prime factors of c.
5
List the prime factors of 69 - 0/(0/3 + -2).
3, 23
List the prime factors of ((-90)/54)/(2/(-210)).
5, 7
Suppose -g + 5*n - 3 = 0, 2*n = 2*g - 2*n - 6. Let w be ((-96)/28)/((-1)/g). Suppose 4*z - w - 20 = 2*t, 0 = t + 2. What are the prime factors of z?
2, 5
Suppose -k = 5*t - 13, -2*k - 5*t = -4*k - 4. List the prime factors of 46/k + 4/6.
2
Let f(m) = -m + 6. Let y be f(3). Suppose 3*c + y*x = 51, -5*x + x = c - 23. What are the prime factors of c?
3, 5
List the prime factors of ((-3)/(-9))/(9/459).
17
What are the prime factors of (-175)/(-2) - 11/22?
3, 29
Suppose -d - m - 10 = -5*m, -3*d - 2*m + 26 = 0. Let k(l) = -3 + d - 1 + 2 + l. What are the prime factors of k(4)?
2
List the prime factors of (-1)/((-3)/144*3).
2
Let n(r) = 2*r - 20. Let p be n(9). Suppose -6 = 2*m + 2. List the prime factors of (p + m/(-3))*-3.
2
Suppose 5*w = 2*v, -3*w = v + 2*w + 15. Let k(u) = -u**3 - 6*u**2 - 6*u + 4. What are the prime factors of k(v)?
3
Let s(x) = -24*x - 20. List the prime factors of s(-8).
2, 43
Let s(o) = 2*o**2 + 3*o + 96. List the prime factors of s(0).
2, 3
Let n = -25 - -35. Let z = n - 2. What are the prime factors of z?
2
Suppose 3*h + 5 = 5*o - 10, -3*h = 15. Let y be (1 + o - -1) + 0. Suppose -i = 0, -y*p + 0*p = -3*i - 12. What are the prime factors of p?
2, 3
Let h be (10 - -2)*1/(-2). Let r = h - -12. Suppose -5*o + r = -24. What are the prime factors of o?
2, 3
Let h(v) be the third derivative of v**5/20 - v**4/12 + v**3/2 - 3*v**2. List the prime factors of h(2).
11
Let i = 300 + -122. List the prime factors of i.
2, 89
Let x = 87 - 54. Let n be (-3)/(1 - -2) - x. Let h = n + 56. What are the prime factors of h?
2, 11
Let l(b) = 3*b - 3*b + 20 - 4*b**2 - b + 5*b**2. What are the prime factors of l(0)?
2, 5
Let i be 16/6*6/(-4). Let j be 5 + 3 + -1 + i. Let k(y) = y**3 - y**2 - 2*y - 4. What are the prime factors of k(j)?
2
Suppose -2*h + 27 + 3 = 0. Suppose u = 2*u - 2*t - 15, u = 5*t + h. What are the prime factors of u?
3, 5
Let w be 14 + (1 - -1)/(-2). Let n be 22 - 4*9/12. Let g = n - w. List the prime factors of g.
2, 3
Suppose 5*x + 1 = -9. Let k = x + 5. List the prime factors of k.
3
Let k = 139 - 89. Suppose n - 8 = -n. Suppose 2*s - 2*o - 34 + 4 = 0, k = n*s - 2*o. What are the prime factors of s?
2, 5
Let k(l) = 5*l**2 + 0 + 7*l**2 + 0 - l. List the prime factors of k(1).
11
Suppose -2*b = 3*h - 169, 0 = -4*h - 0*b + b + 207. What are the prime factors of h?
53
Let q(z) = -z + 2. Let d be q(-2). Suppose 0 = -d*p, 3*i = -i - 2*p + 192. List the prime factors of i.
2, 3
List the prime factors of (47/(-5) + -1)*(-70)/4.
2, 7, 13
Let b be 728/11 + (-4)/22. Suppose b = -4*c + 286. Suppose 8*k - 3*k = c. List the prime factors of k.
11
List the prime factors of (3/9)/((-1)/(-81)).
3
Suppose 2*p = -2*p - 24. Let h = 11 + p. Let o = 9 - h. List the prime factors of o.
2
Let o = 1 + 2. What are the prime factors of 2 - (3 + -11 + o)?
7
Let i(d) = -d**2 - 5*d + 8. Let v be i(-6). Let f = v - 3. What are the prime factors of (f + -1)/((-2)/4)?
2
Let l be (-3)/(-5) - (-2)/5. Suppose -4*w + 42 = -2*k, -2 = k + l. List the prime factors of w.
3
Let i be -1*(0/(-2))/3. Suppose -5*z = -i*z. Suppose 5*l - 8 = -2*x + 8, -5*l - 4*x + 22 = z. List the prime factors of l.
2
Suppose -3*h = -2 - 10. Suppose 0*q = -h*q + 72. What are the prime factors of q?
2, 3
Suppose 4*f - 38 = 54. Let n = 46 - f. List the prime factors of n.
23
Let l be -1*((-2)/2 - 2). Suppose -c - l*c = 116. Let s = -20 - c. List the prime factors of s.
3
List the prime factors of ((-5)/(-1))/(2/14).
5, 7
Let k = 11 - 16. Suppose 0*s + 3*s = -5*d + 2, -4*d + 4 = 2*s. List the prime factors of (-45)/s*(-8)/k.
2, 3
Let h = 12 + -17. Let y(n) = -n - 2. List the prime factors of y(h).
3
Let b = -45 + 63. Let n(w) = w**2 - 5*w + 3. Let x be n(4). List the prime factors of b/3 + 3/x.
3
Let r = 4 + -7. Let t(g) = 9*g + 4. Let y be t(r). Let c = y - -33. List the prime factors of c.
2, 5
Let m be 11 + -3 + (-1 - -2). Let x be 2/((-15)/m - -2). Let w = x - 2. List the prime factors of w.
2
Let m(k) = -14*k - 7. What are the prime factors of m(-7)?
7, 13
Suppose 0*c + 12 = -3*c. Let w = -2 - c. Suppose -2*v = 5*n - 30, 0 = 3*n - 3*v - w*v + 13. What are the prime factors of n?
2
Let v(r) = -r. Let d(h) = h + 1. Let c(k) = 2*d(k) + v(k). List the prime factors of c(3).
5
Let n(z) = -z**3 + 8*z**2 - 3*z - 10. What are the prime factors of n(7)?
2, 3
Let y(u) be the third derivative of 1/60*u**5 + 0 + 0*u + 1/3*u**3 - 3*u**2 + 1/24*u**4. What are the prime factors of y(2)?
2
Let h = -10 + 10. Suppose 4*o + 184 - 4 = h. Let q = o + 64. What are the prime factors of q?
19
Let k be (0 - 2) + 1 + 21. Suppose -k = -3*g - g. What are the prime factors of g?
5
What are the prime factors of -3*(-2)/(-15)*-80?
2
Let i(d) = -d**2 + 7*d - 6. Let v be i(5). Let f be -2 - v/((-8)/46). Let n = 0 + f. List the prime factors of n.
3, 7
Suppose -5*u + 4*i = -1052, 5*u - 2*i = -0*i + 1056. List the prime factors of u.
2, 53
List the prime factors of ((-348)/18)/(2/(-3)).
29
Suppose -5*s + 4*y = 5 - 271, -70 = -s + 5*y. What are the prime factors of s?
2, 5
List the prime factors of (140/(-6))/((-2)/3).
5, 7
Suppose -52*l + 48*l + 212 = 0. List the prime factors of l.
53
Let w = -21 + 274. List the prime factors of w.
11, 23
Let r = 1 - 3. Let m(g) = -g**3 - 2*g**2 - 2*g + 2. What are the prime factors of m(r)?
2, 3
Suppose -s = -5*s + 520. List the prime factors of s.
2, 5, 13
Let r be (-2)/((-3)/(102/(-4))). Let x = 28 + r. List the prime factors of x.
11
Let a(y) = -y**2 + 7*y + 1. Let z be a(4). Suppose -3*p + i + 34 + z = 0, i + 64 = 4*p. What are the prime factors of p?
17
Let q(b) = b**2 - 7*b + 2. Let m(h) = 2*h**2 - 14*h + 4. Let t(u) = -6*m(u) + 11*q(u). Let v be t(6). List the prime factors of 1/v - 93/(-12).
2
Let v = 148 + -55. List the prime factors of v.
3